88.
2, 3, 52249
List the prime factors of 3817341.
3, 11, 12853
What are the prime factors of 287254?
2, 11, 1187
What are the prime factors of 25674423?
3, 1723, 4967
List the prime factors of 3653510.
2, 5, 7, 19, 41, 67
List the prime factors of 1684576.
2, 61, 863
What are the prime factors of 6406909?
17, 103, 3659
List the prime factors of 7703977.
83, 101, 919
What are the prime factors of 1774907?
163, 10889
What are the prime factors of 1234277?
11, 112207
List the prime factors of 86408.
2, 7, 1543
What are the prime factors of 1045020?
2, 3, 5, 17417
List the prime factors of 2249586.
2, 3, 41659
List the prime factors of 1128750.
2, 3, 5, 7, 43
List the prime factors of 159785.
5, 31957
List the prime factors of 355347.
3, 41, 107
List the prime factors of 2361487.
17, 31, 4481
List the prime factors of 7291522.
2, 7, 41, 12703
List the prime factors of 1196762.
2, 7, 73, 1171
List the prime factors of 196259.
7, 23, 53
What are the prime factors of 3029383?
7, 17, 25457
What are the prime factors of 8131744?
2, 163, 1559
List the prime factors of 239142.
2, 3, 39857
What are the prime factors of 1188605?
5, 11, 21611
What are the prime factors of 5021036?
2, 1255259
What are the prime factors of 154814?
2, 11, 31, 227
What are the prime factors of 12029624?
2, 547, 2749
List the prime factors of 19624780.
2, 5, 7, 140177
List the prime factors of 148723.
148723
List the prime factors of 182883.
3, 60961
List the prime factors of 1238102.
2, 157, 3943
List the prime factors of 2466001.
191, 12911
List the prime factors of 3897760.
2, 5, 17, 1433
List the prime factors of 2470808.
2, 308851
List the prime factors of 34454027.
5449, 6323
List the prime factors of 723664.
2, 31, 1459
What are the prime factors of 2844262?
2, 19, 29, 89
What are the prime factors of 59541?
3, 89, 223
List the prime factors of 431960.
2, 5, 10799
What are the prime factors of 8768307?
3, 2922769
What are the prime factors of 8494854?
2, 3, 29, 48821
What are the prime factors of 158752?
2, 11, 41
What are the prime factors of 584976?
2, 3, 7, 1741
What are the prime factors of 21075?
3, 5, 281
What are the prime factors of 134507?
134507
List the prime factors of 9126500.
2, 5, 18253
What are the prime factors of 986?
2, 17, 29
What are the prime factors of 6840521?
47, 145543
What are the prime factors of 6914345?
5, 149, 9281
What are the prime factors of 4581993?
3, 13, 17, 6911
List the prime factors of 829513.
43, 101, 191
What are the prime factors of 1874948?
2, 468737
What are the prime factors of 400199?
400199
List the prime factors of 19579502.
2, 107, 91493
List the prime factors of 432538.
2, 23, 9403
What are the prime factors of 13133061?
3, 17, 85837
What are the prime factors of 1206973?
1206973
List the prime factors of 490321.
13, 37717
What are the prime factors of 607704?
2, 3, 25321
What are the prime factors of 3274724?
2, 61, 13421
What are the prime factors of 60380?
2, 5, 3019
What are the prime factors of 54841?
173, 317
What are the prime factors of 87675?
3, 5, 7, 167
List the prime factors of 99721.
99721
List the prime factors of 286263.
3, 17, 1871
What are the prime factors of 1900186?
2, 41, 23173
What are the prime factors of 3098321?
3098321
What are the prime factors of 268276?
2, 47, 1427
List the prime factors of 13899643.
61, 191, 1193
What are the prime factors of 1666431?
3, 13, 14243
What are the prime factors of 986861?
23, 107, 401
What are the prime factors of 197836?
2, 49459
What are the prime factors of 172292?
2, 19, 2267
What are the prime factors of 4252135?
5, 850427
What are the prime factors of 2161030?
2, 5, 216103
What are the prime factors of 2094776?
2, 261847
List the prime factors of 19438571.
19438571
List the prime factors of 1779800.
2, 5, 11, 809
What are the prime factors of 57583?
89, 647
List the prime factors of 197231.
127, 1553
List the prime factors of 134929.
17, 7937
What are the prime factors of 1122279?
3, 374093
What are the prime factors of 7772798?
2, 11, 32119
List the prime factors of 115466.
2, 13, 4441
What are the prime factors of 3480912?
2, 3, 23, 1051
List the prime factors of 383088.
2, 3, 23, 347
List the prime factors of 59209.
59209
What are the prime factors of 602116?
2, 109, 1381
List the prime factors of 29147315.
5, 5829463
What are the prime factors of 66046?
2, 33023
List the prime factors of 191124.
2, 3, 5309
What are the prime factors of 1313080?
2, 5, 17, 1931
What are the prime factors of 208793?
13, 16061
What are the prime factors of 1339851?
3, 31, 14407
What are the prime factors of 427500?
2, 3, 5, 19
What are the prime factors of 6737899?
7, 17, 41, 1381
What are the prime factors of 136373?
136373
What are the prime factors of 336035?
5, 7, 9601
What are the prime factors of 80716?
2, 17, 1187
What are the prime factors of 20030791?
11, 97, 18773
What are the prime factors of 17198550?
2, 3, 5, 38219
What are the prime factors of 119879?
313, 383
List the prime factors of 4869309.
3, 139, 11677
What are the prime factors of 26050473?
3, 587, 4931
List the prime factors of 608672.
2, 23, 827
List the prime factors of 192877.
192877
What are the prime factors of 13744632?
2, 3, 11, 4733
What are the prime factors of 20836?
2, 5209
List the prime factors of 11806819.
11806819
What are the prime factors of 368571?
3, 7, 17551
List the prime factors of 11077534.
2, 13, 199, 2141
List the prime factors of 1289605.
5, 257921
What are the prime factors of 5348249?
5348249
List the prime factors of 187266.
2, 3, 23, 59
List the prime factors of 820890.
2, 3, 5, 7, 1303
List the prime factors of 22790595.
3, 5, 19, 79967
What are the prime factors of 1091941?
89, 12269
What are the prime factors of 18664339?
23, 811493
List the prime factors of 277609.
19, 769
List the prime factors of 2325796.
2, 11, 52859
What are the prime factors of 4893342?
2, 3, 23, 59, 601
List the prime factors of 133468.
2, 61, 547
What are the prime factors of 105719?
71, 1489
List the prime factors of 94734.
2, 3, 19, 277
What are the prime factors of 30210480?
2, 3, 5, 41959
What are the prime factors of 13264741?
7, 270709
List the prime factors of 26777627.
191, 140197
What are the prime factors of 134440?
2, 5, 3361
What are the prime factors of 321873?
3, 31, 3461
What are the prime factors of 599990?
2, 5, 59999
List the prime factors of 8081775.
3, 5, 13, 307
What are the prime factors of 4291762?
2, 547, 3923
List the prime factors of 1115818.
2, 11, 67, 757
List the prime factors of 262910.
2, 5, 61, 431
List the prime factors of 241775.
5, 19, 509
What are the prime factors of 1209854?
2, 59, 10253
List the prime factors of 309492.
2, 3, 8597
List the prime factors of 612954.
2, 3, 11351
What are the prime factors of 10265954?
2, 1033, 4969
List the prime factors of 1680914.
2, 840457
List the prime factors of 2520471.
3, 17, 73, 677
What are the prime factors of 11557?
7, 13, 127
List the prime factors of 561390.
2, 3, 5, 18713
What are the prime factors of 11030835?
3, 5, 735389
What are the prime factors of 577830?
2, 3, 5, 11, 17, 103
What are the prime factors of 7642401?
3, 13, 17, 11527
What are the prime factors of 401274?
2, 3, 2477
List the prime factors of 1746662.
2, 873331
List the prime factors of 11680367.
41, 347, 821
What are the prime factors of 970098?
2, 3, 161683
What are the prime factors of 20603?
11, 1873
List the prime factors of 1255204.
2, 113, 2777
What are the prime factors of 4874587?
4874587
What are the prime factors of 587566?
2, 7, 41969
List the prime factors of 643419.
3, 7, 1459
What are the prime factors of 249907?
7, 19, 1879
List the prime factors of 10984025.
5, 13, 33797
List the prime factors of 1697333.
11, 154303
List the prime factors of 216399.
3, 53, 1361
List the prime factors of 676976.
2, 29, 1459
List the prime factors of 489423.
3, 11, 14831
List the prime factors of 40635442.
2, 89, 167, 1367
What are the prime factors of 399148?
2, 99787
List the prime factors of 1444426.
2, 722213
List the prime factors of 2419201.
83, 29147
What are the prime factors of 1477550?
2, 5, 29, 1019
List the prime factors of 16435065.
3, 5, 1095671
What are the prime factors of 441377?
47, 9391
What are the prime factors of 58586